 of 550 and 6710.
110
What is the highest common factor of 144 and 9?
9
What is the highest common factor of 759 and 66?
33
What is the greatest common divisor of 207 and 276?
69
Calculate the greatest common divisor of 1705 and 935.
55
What is the highest common factor of 100 and 125?
25
Calculate the highest common factor of 120 and 600.
120
Calculate the highest common factor of 50 and 1075.
25
Calculate the greatest common factor of 28 and 2443.
7
Calculate the highest common factor of 12 and 444.
12
What is the highest common divisor of 74 and 2257?
37
Calculate the greatest common divisor of 3 and 1437.
3
What is the highest common divisor of 1350 and 432?
54
Calculate the highest common factor of 247 and 76.
19
What is the highest common divisor of 424 and 159?
53
Calculate the highest common factor of 28 and 175.
7
What is the highest common factor of 793 and 13?
13
Calculate the highest common factor of 308 and 8092.
28
Calculate the greatest common divisor of 2983 and 157.
157
Calculate the highest common factor of 42 and 21.
21
Calculate the highest common divisor of 332 and 83.
83
Calculate the greatest common factor of 252 and 28.
28
Calculate the greatest common divisor of 12 and 162.
6
What is the highest common factor of 26 and 5382?
26
What is the greatest common divisor of 276 and 299?
23
Calculate the greatest common divisor of 749 and 214.
107
Calculate the highest common divisor of 6 and 288.
6
Calculate the highest common factor of 3 and 53.
1
Calculate the highest common factor of 24 and 24.
24
What is the highest common divisor of 375 and 15?
15
What is the greatest common factor of 57 and 3496?
19
What is the highest common divisor of 40 and 224?
8
Calculate the highest common factor of 10 and 115.
5
Calculate the greatest common divisor of 52 and 689.
13
Calculate the greatest common divisor of 30 and 110.
10
Calculate the greatest common factor of 2 and 502.
2
Calculate the greatest common divisor of 284 and 4757.
71
Calculate the highest common factor of 118 and 12095.
59
What is the greatest common divisor of 1947 and 33?
33
Calculate the greatest common factor of 57 and 2964.
57
Calculate the greatest common divisor of 4205 and 145.
145
What is the greatest common factor of 16 and 104?
8
Calculate the highest common factor of 130 and 1495.
65
What is the highest common factor of 4440 and 12?
12
What is the highest common divisor of 23 and 529?
23
Calculate the highest common factor of 234 and 9243.
117
Calculate the greatest common divisor of 14677 and 13.
13
What is the greatest common factor of 531 and 45?
9
Calculate the highest common divisor of 100 and 156.
4
What is the greatest common divisor of 248 and 2356?
124
Calculate the highest common factor of 3 and 15.
3
What is the highest common factor of 196 and 35?
7
What is the highest common divisor of 1 and 872?
1
What is the highest common factor of 45 and 5910?
15
What is the greatest common divisor of 441 and 539?
49
What is the greatest common divisor of 2247 and 42?
21
What is the greatest common factor of 63 and 91?
7
Calculate the highest common factor of 6027 and 147.
147
Calculate the greatest common divisor of 645 and 135.
15
What is the greatest common divisor of 1026 and 722?
38
What is the highest common factor of 63 and 21?
21
What is the highest common factor of 814 and 74?
74
Calculate the greatest common divisor of 93 and 961.
31
What is the greatest common divisor of 8704 and 56?
8
What is the greatest common divisor of 5661 and 185?
37
Calculate the greatest common divisor of 153604 and 44.
44
Calculate the highest common factor of 70 and 602.
14
What is the highest common factor of 16 and 2?
2
What is the highest common divisor of 472 and 8?
8
What is the highest common divisor of 1325 and 125?
25
What is the highest common divisor of 112 and 252?
28
What is the highest common divisor of 12 and 12684?
12
Calculate the highest common factor of 150 and 105.
15
What is the greatest common factor of 32 and 104?
8
Calculate the highest common divisor of 156 and 52.
52
What is the greatest common factor of 672 and 21?
21
Calculate the greatest common divisor of 645 and 20.
5
What is the highest common divisor of 16882 and 46?
46
What is the highest common divisor of 43 and 107?
1
What is the highest common divisor of 14 and 1624?
14
Calculate the highest common factor of 304 and 4.
4
What is the highest common divisor of 750 and 330?
30
What is the greatest common factor of 462 and 742?
14
Calculate the highest common divisor of 40 and 2420.
20
Calculate the greatest common factor of 703 and 1425.
19
What is the highest common factor of 804 and 84?
12
What is the greatest common factor of 140 and 250?
10
Calculate the highest common factor of 7 and 7.
7
Calculate the highest common factor of 44 and 110.
22
What is the greatest common divisor of 91 and 65?
13
Calculate the greatest common divisor of 81 and 1863.
81
Calculate the greatest common factor of 8 and 180.
4
What is the highest common factor of 26595 and 27?
27
What is the highest common divisor of 2187 and 1053?
81
What is the greatest common divisor of 340 and 476?
68
Calculate the highest common divisor of 618 and 18.
6
Calculate the greatest common factor of 408 and 1032.
24
What is the greatest common divisor of 15 and 915?
15
What is the highest common factor of 8750 and 70?
70
What is the highest common factor of 62 and 1426?
62
What is the greatest common factor of 120 and 3390?
30
What is the highest common divisor of 7 and 259?
7
What is the highest common divisor of 51 and 1343?
17
What is the highest common divisor of 35 and 119?
7
Calculate the highest common factor of 88 and 66.
22
What is the highest common divisor of 620 and 3317?
31
What is the highest common factor of 15 and 5585?
5
What is the highest common divisor of 81 and 4941?
81
Calculate the highest common factor of 56 and 8092.
28
Calculate the greatest common divisor of 335 and 185.
5
What is the greatest common factor of 2772 and 264?
132
Calculate the highest common divisor of 510 and 1515.
15
Calculate the greatest common divisor of 20031 and 66.
33
What is the highest common factor of 3 and 1293?
3
Calculate the greatest common divisor of 18 and 123.
3
What is the greatest common factor of 533 and 104?
13
Calculate the greatest common factor of 150 and 16825.
25
Calculate the greatest common divisor of 296 and 8.
8
What is the greatest common factor of 15176 and 56?
56
Calculate the greatest common divisor of 120 and 24.
24
Calculate the highest common divisor of 13867 and 49.
49
Calculate the highest common factor of 81 and 9.
9
Calculate the highest common factor of 11 and 913.
11
What is the greatest common factor of 37 and 851?
37
What is the highest common factor of 2043 and 9?
9
What is the greatest common factor of 66 and 2211?
33
Calculate the greatest common divisor of 810 and 5895.
45
What is the highest common factor of 279 and 9?
9
Calculate the highest common factor of 44 and 44.
44
What is the highest common factor of 385 and 616?
77
What is the greatest common factor of 154 and 847?
77
Calculate the highest common factor of 45 and 7455.
15
Calculate the highest common divisor of 19917 and 9.
9
What is the greatest common factor of 16 and 84976?
16
What is the highest common divisor of 903 and 43?
43
Calculate the greatest common factor of 92 and 230.
46
Calculate the greatest common factor of 16 and 60.
4
What is the highest common factor of 2499 and 102?
51
What is the highest common factor of 16 and 92?
4
What is the highest common factor of 1287 and 234?
117
What is the greatest common divisor of 148 and 7844?
148
Calculate the greatest common factor of 30 and 65.
5
Calculate the greatest common factor of 61 and 1220.
61
Calculate the highest common factor of 15 and 6495.
15
Calculate the highest common divisor of 432 and 14796.
108
Calculate the greatest common factor of 4190 and 110.
10
What is the greatest common divisor of 1152 and 208?
16
Calculate the highest common factor of 98 and 532.
14
What is the greatest common divisor of 4118 and 426?
142
What is the highest common factor of 28 and 44716?
28
Calculate the highest common divisor of 7596 and 18.
18
What is the greatest c